Let k(x) = x + 5. Give k(1).
6
Let i(g) = -2*g + 3. Determine i(4).
-5
Let g(a) = a**2 - 13*a + 8. Determine g(13).
8
Let p(t) = t**3 + 4*t**2 - 11*t - 27. Give p(-5).
3
Let w(p) = p**2 - 23*p + 130. Determine w(14).
4
Let o(t) = 22*t + 6. Give o(-6).
-126
Let d(a) = -a**2 - 16*a - 78. Give d(-9).
-15
Let c(i) = 14*i + 57. What is c(-4)?
1
Let l(r) = r**2 - 18*r + 26. What is l(16)?
-6
Let b(q) = -2*q**3 + 5*q - 3. Calculate b(2).
-9
Let y(f) = -4*f**2 + 9*f - 12. Calculate y(3).
-21
Let m(p) = -3*p + 30. Determine m(10).
0
Let n(o) = -11*o - 13. Determine n(-8).
75
Let y(b) = -b**2 + 4*b. Determine y(5).
-5
Let q(d) = 9*d - 29. What is q(4)?
7
Let o(k) = k**2 + 13*k + 4. Give o(-13).
4
Let y(m) = -8*m + 50. What is y(9)?
-22
Let z(c) = 2*c - 7. Determine z(-3).
-13
Let k(m) = m**3 - 5*m**2 - 15*m + 13. Give k(6).
-41
Let y(m) = m**2 + 14*m + 25. Determine y(-13).
12
Let b(d) = -13*d + 11. Give b(4).
-41
Let v(u) = -u**2 - 5*u - 5. Determine v(-2).
1
Let l(r) = -r**3 + 4*r**2 + 11*r - 7. What is l(5)?
23
Let x(p) = 3*p**3 + 18*p**2 + 21*p + 35. Determine x(-5).
5
Let l(n) = -2*n**2 + 34*n - 10. Calculate l(17).
-10
Let g(x) = -20*x - 2. Calculate g(-2).
38
Let w(h) = -12*h - 1. Determine w(1).
-13
Let x(a) = 2*a - 6. Give x(-16).
-38
Let p(l) = l**3 - 35*l**2 + 33*l + 33. Give p(34).
-1
Let l(m) = -2*m**2 - 23*m + 2. Give l(-12).
-10
Let s(o) = -o**2 - 6. Determine s(-3).
-15
Let j(h) = -30*h - 448. Give j(-16).
32
Let q(o) = -o**2 + 18. What is q(0)?
18
Let o(u) = 17*u + 10. What is o(-3)?
-41
Let n(g) = -7*g - 23. Calculate n(-9).
40
Let g(j) = -j**3 + 43*j**2 + 2*j - 102. Give g(43).
-16
Let w(q) = -9*q - 7. Give w(-10).
83
Let a(m) = m**2 + 10*m + 3. What is a(-10)?
3
Let o(t) = -2*t - 10. Give o(17).
-44
Let b(i) = -i**3 - 12*i**2 - 14*i - 14. What is b(-11)?
19
Let u(g) = -g**2 + 12*g - 1. Give u(11).
10
Let n(y) = y**3 + 4*y**2 - 19*y - 94. Give n(-5).
-24
Let b(l) = 12*l**3 - 5*l + 6. What is b(1)?
13
Let o(l) = -l**2 + 18*l - 88. Calculate o(6).
-16
Let n(q) = q**3 + 9*q**2 + 7*q - 8. Determine n(-8).
0
Let w(t) = -t**3 - 13*t**2 - 2*t - 20. Calculate w(-13).
6
Let l(p) = -p - 24. Give l(0).
-24
Let n(x) = 19*x**3 + 2*x**2 - x - 1. Give n(1).
19
Let x(j) = -j**2 - 3*j - 1. Give x(-5).
-11
Let z(v) = 2*v**3 + 39*v**2 + 17*v - 42. What is z(-19)?
-4
Let x(j) = j**3 + 5*j**2 + j - 7. Determine x(-6).
-49
Let b(h) = -4*h**3 + h**2 - 5. Calculate b(-2).
31
Let o(m) = -m**3 + 21*m**2 - 21*m + 15. What is o(20)?
-5
Let t(n) = -6*n + 65. Determine t(11).
-1
Let b(q) = -q**2 - 8*q + 2. Determine b(-6).
14
Let t(y) = y**3 + 3*y**2 - 1. What is t(-3)?
-1
Let m(w) = 2*w**2 - 16*w. Calculate m(8).
0
Let a(i) = -i + 11. Calculate a(19).
-8
Let l(d) = -2*d - 92. Determine l(-44).
-4
Let b(c) = -12*c + 10. What is b(1)?
-2
Let o(k) = -5*k - 29. Determine o(-8).
11
Let q(w) = w**2 + 15*w + 61. Give q(0).
61
Let n(l) = -l**3 + 14*l**2 - 14*l + 35. Determine n(13).
22
Let a(q) = -q - 15. What is a(-12)?
-3
Let h(j) = 16*j - 8. Calculate h(1).
8
Let w(q) = 8*q - 41. What is w(4)?
-9
Let o(x) = -2*x - 24. Calculate o(0).
-24
Let p(r) = 15*r - 25. Calculate p(2).
5
Let v(p) = -8*p**2 + 81*p - 18. Give v(10).
-8
Let w(z) = z + 1. Determine w(-6).
-5
Let k(q) = -q**3 + q**2 - q - 16. What is k(0)?
-16
Let c(s) = s**2 + 3*s - 5. Calculate c(-7).
23
Let a(q) = 2*q**2 + 6*q. Give a(-7).
56
Let n(w) = -w**2 - 7*w + 21. What is n(3)?
-9
Let u(o) = o**3 - o - 96. Calculate u(0).
-96
Let u(l) = l**3 + 31*l**2 - 31*l + 28. Calculate u(-32).
-4
Let m(l) = -4*l**2 - 13*l - 24. Calculate m(-4).
-36
Let c(r) = r**2 - 35*r - 108. Determine c(38).
6
Let h(s) = s**3 - 8*s**2 + 3*s - 11. Calculate h(8).
13
Let f(q) = 12*q**3 - 1. Give f(1).
11
Let y(h) = -h**2 + 15*h + 220. Give y(-9).
4
Let c(a) = 7*a + 2. Give c(2).
16
Let m(q) = 17*q + 87. Give m(-6).
-15
Let r(x) = -4*x + 6. What is r(4)?
-10
Let h(v) = v - 2. Calculate h(2).
0
Let w(x) = x**2 - 7*x - 5. Give w(9).
13
Let r(i) = -4*i - 13. Give r(0).
-13
Let o(k) = k**2 - 5*k + 7. What is o(8)?
31
Let n(z) = -z**3 + 15*z**2 - 26*z + 8. Calculate n(13).
8
Let m(s) = 9*s + 2. What is m(-7)?
-61
Let l(v) = -21*v - 5. Give l(0).
-5
Let v(l) = l**3 + 3*l**2 - 12*l + 10. Determine v(-5).
20
Let c(q) = -q - 8. Give c(-16).
8
Let p(u) = -u**3 + 7*u**2 - 8*u + 9. Give p(6).
-3
Let j(p) = -p**2 + 9*p + 40. Determine j(12).
4
Let d(i) = -i**3 + 14*i**2 + 15*i - 12. Give d(15).
-12
Let g(c) = 2*c**3 - 6*c**2 + 3*c + 10. Give g(3).
19
Let b(t) = -2*t**2 + 12*t + 103. Give b(11).
-7
Let h(a) = 25*a + 245. Determine h(-10).
-5
Let g(i) = 11*i + 5. What is g(7)?
82
Let b(q) = 4*q - 141. What is b(32)?
-13
Let y(t) = -3*t + 47. Give y(16).
-1
Let o(t) = 29*t + 128. Determine o(-7).
-75
Let u(j) = -j**2 + 10*j - 3. Determine u(11).
-14
Let o(m) = -m**2 - 59*m - 318. Determine o(-6).
0
Let k(q) = -7*q + 40. What is k(4)?
12
Let f(j) = j**3 - 19*j**2 + 91*j - 32. What is f(11)?
1
Let x(s) = -40*s**2 + s + 1. Calculate x(1).
-38
Let c(u) = -6*u - 165. Determine c(-30).
15
Let a(b) = -7*b + 18. Give a(-6).
60
Let r(j) = -13*j + 39. Determine r(15).
-156
Let x(s) = -14*s - 354. What is x(-26)?
10
Let f(s) = -s**2 - 30*s - 60. What is f(-28)?
-4
Let r(k) = 6*k + 1. What is r(-1)?
-5
Let b(f) = -f**3 + 13*f**2 - 17*f - 10. Calculate b(12).
-70
Let w(f) = 2*f - 27. What is w(13)?
-1
Let a(u) = -10*u - 9. Calculate a(-1).
1
Let n(j) = -2*j**3 - 52*j**2 + 58*j + 113. Calculate n(-27).
5
Let u(q) = q**3 - 3*q - 1. What is u(-2)?
-3
Let r(d) = 13*d + 104. Give r(-7).
13
Let z(g) = -g**2 - 18*g + 7. Calculate z(-18).
7
Let d(i) = i**2 + 31*i + 138. Determine d(-5).
8
Let w(k) = k - 5. What is w(-2)?
-7
Let f(s) = -s**2 - 39*s + 31. Determine f(-40).
-9
Let g(u) = -2*u**2 - 22*u - 14. What is g(-10)?
6
Let f(y) = y**3 - 10*y**2 - 12*y + 7. Determine f(11).
-4
Let i(z) = z - 5. Calculate i(13).
8
Let f(a) = 4*a + 111. What is f(-23)?
19
Let n(x) = 4*x - 1. Give n(2).
7
Let g(d) = -d**3 + 5*d**2 + 11*d - 6. Determine g(7).
-27
Let q(h) = 2*h + 7. What is q(-4)?
-1
Let l(p) = 4*p - 19. Give l(8).
13
Let p(j) = j**3 - 13*j**2 - 13*j - 15. Determine p(14).
-1
Let n(r) = -9*r - 236. Determine n(-25).
-11
Let x(l) = -l**2 - l + 31. Give x(5).
1
Let t(x) = -x**3 + x**2 - 3*x - 39. Calculate t(0).
-39
Let t(c) = c**3 - 15*c**2 + 13*c - 25. What is t(14)?
-39
Let o(z) = -z**3 + 23*z**2 - 39*z - 19. Give o(21).
44
Let f(u) = -3*u - 17. Determine f(-2).
-11
Let p(i) = 9*i + 9. Calculate p(-8).
-63
Let c(t) = -t**2 - 2*t + 53. Give c(7).
-10
Let m(p) = p - 2. Calculate m(-9).
-11
Let i(d) = -2*d**2 + 13*d + 14. Give i(6).
20
Let l(b) = -10*b**3 + 2*b**2 + 41*b - 42. What is l(1)?
-9
Let s(k) = -2*k**2 + 14*k + 6. Determine s(7).
6
Let c(w) = w**2 + 9*w - 3. Determine c(-10).
7
Let g(h) = h**3 - 6*h**2 - 2*h + 5. Calculate g(6).
-7
Let u(j) = -19*j - 1. Calculate u(-2).
37
Let g(i) = -i**3 - 9*i**2 - 19*i - 8. Calculate g(-5).
-13
Let h(a) = a**3 + 14*a**2 + a - 25. Give h(-14).
-39
Let f(s) = -2*s**2 - 16*s - 8. What is f(-8)?
-8
Let t(j) = -6*j - 22. Give t(-8).
26
Let b(j) = -17*j**3 + j**2 + 3*j - 4. Give b(1).
-17
Let i(t) = -t**2 - 39*t - 108. What is i(-37)?
-34
Let w(s) = s**3 + 2*s**2 - 2*s. Calculate w(-3).
-3
Let b(r) = r - 14. Determine b(6).
-8
Let b(g) = 7*g + 194. Give b(-30).
-16
Let k(s) = s + 11. Give k(-8).
3
Let h(f) = 5*f**2 - 2*f + 3. Calculate h(2).
19
Let t(w) = -w**3 - 43*w**2 + 94*w + 175. Calculate t(-45).
-5
Let p(v) = v**2 - 4*v + 2. Give p(6).
14
Let j(i) = -50*i + 41. Give j(1).
-9
Let f(o) = 8*o - 28. Determine f(3).
-4
Let s(x) = 3*x - 15. What is s(5)?
0
Let s(o) = -o**3 - 7*o**2 - 4*o + 7. Determine s(-6).
-5
Let m(k) = 2*k**3 + k**2 - 2*k - 2. Calculate m(-2).
-10
Let x(r) = -3*r - 16. Calculate x(-12).
20
Let w(c) = c**2 + 11*c + 19. Determine w(-7).
-9
Let o(q) = 5*q + 8. Give o(-8).
-32
Let p(c) = -c + 5. Calculate p(-11).
16
Let p(b) = -21*b - 26. Determine p(-2).
16
Let g(r) = 2*r**3 - 10*r**2 - 3. Calculate g(5).
-3
Let x(o) = 4*o - 9. Calculate x(-14).
-65
Let x(u) = 15*u + 496. Determine x(-34).
-14
Let o(i) = 17*i - 279. What is o(17)?
10
Let l(v) = 20*v + 26. Give l(-1).
6
Let t(o) = -o - 19. Calculate t(15).
-34
Let q(a) = 4*a**2 - 5*a - 8. What is q(-3)?
43
Let d(o) = -o - 8. Give d(-7).
-1
Let y(m) = -7*m - 7. D